uppose s*m - 30 - 10 = 0. List the prime factors of m.
2
Let m be (-11)/(-2) - (-3)/(-6). Suppose -2*d + 12 = 2*d. Suppose -a = -m - d. What are the prime factors of a?
2
Let x(z) = z**2 + 4*z - 12. What are the prime factors of x(-9)?
3, 11
Let v(f) = 80*f + 2. List the prime factors of v(1).
2, 41
Let n = -27 - -19. List the prime factors of (n/(-5))/(4/10).
2
Suppose 6*i - 4*i - 16 = 0. Suppose -i*m + 85 = -3*m. List the prime factors of m.
17
Let x(b) = -7*b + 0*b - b + 3 - b**2. Let f be x(-8). Let p = 7 + f. What are the prime factors of p?
2, 5
Let z(l) = 5*l**3 - 10*l**2 - 26*l - 16. Let h(d) = d**3 - 2*d**2 - 5*d - 3. Let y(c) = -11*h(c) + 2*z(c). What are the prime factors of y(-2)?
11
Let m(x) = x**2 - 4*x - 2. Let f be m(5). Suppose o - 5*t = 1 - f, -2*t = -8. Suppose 2 = p + v - 1, p = 2*v + o. What are the prime factors of p?
2
Suppose 3*a - 5*a + 4 = -r, -5*r - 4*a = -36. Suppose 7*g - 3*g = 2*m + 52, r*m = 2*g - 26. List the prime factors of g.
13
Let m(i) = -i**3 + 5*i**2 + 14*i. List the prime factors of m(6).
2, 3
Suppose 5*b = -4*y + 155, -64 - 91 = -5*b + 4*y. List the prime factors of b.
31
Suppose -3*d + 2*x + 31 = 0, -2*d - x + 11 = 2. What are the prime factors of (-408)/(-42) + 2/d?
2, 5
Suppose 21 - 48 = -o - 3*n, -2*o + 46 = 4*n. Suppose -4*v = y + y, 5*v + 25 = -5*y. Let i = y + o. What are the prime factors of i?
5
What are the prime factors of 371/9 - (-2)/(-9)?
41
Suppose -3*v = 4*l - 20, -28 = -4*v - l - 4*l. Let r = -6 - -7. What are the prime factors of (-3*r)/((-4)/v)?
3
Suppose 0 = d + 15 - 82. List the prime factors of d.
67
List the prime factors of (-3 - -5) + (-16)/(-2).
2, 5
Let t = -90 - -269. What are the prime factors of t?
179
Let o be (-1)/(3/(-6)) - 6. What are the prime factors of 1*o*12/(-16)?
3
Let t be (-27)/(-2) - 1/(-2). Let k = t + 2. List the prime factors of k.
2
Let f(v) = 16*v - 27. List the prime factors of f(5).
53
Let v = 11 - 9. Suppose -3 = v*s - 3*s. Suppose -12 + 48 = s*q. What are the prime factors of q?
2, 3
Let l = 18 - 18. What are the prime factors of (3 - l)*82/6?
41
Suppose 0 = 2*g + 2*z, 4*g - 12 = 2*g + z. Suppose 0 = g*h - 2*h - 38. List the prime factors of h.
19
Let w(q) = -q - 4. Let b be w(-6). Let u be 4/b - (0 - -6). List the prime factors of 15/6*u/(-5).
2
Let m be 6/8 + (-150)/(-24). Suppose -b = 4*z + 5, -40 - m = -5*b + 4*z. List the prime factors of b.
7
Let m = 98 + -11. What are the prime factors of m?
3, 29
List the prime factors of (-4 - 237/(-15))*5.
59
Let b(v) = -39*v - 5. Let t be b(-3). Suppose 4*d + t = 6*d. List the prime factors of d.
2, 7
Let m(t) be the first derivative of t**4/4 + t**3/3 - 1. What are the prime factors of m(2)?
2, 3
Let s = 2 - -3. Suppose -25 = -s*g + 10. What are the prime factors of g?
7
List the prime factors of (-489)/(-6) + (-6)/48*-4.
2, 41
Let c be 16/6*(-3)/(-2). Suppose 0 = -a - 4, c*o = a - 1 + 5. Let h(z) = z**2 - z + 2. What are the prime factors of h(o)?
2
Suppose 15 = 5*t - 5. Let l(y) = y**2 + 5*y. What are the prime factors of l(t)?
2, 3
Suppose -v + 137 = -2*q, -v = -2*v + 5*q + 125. Suppose -2*a = 3*a - v. List the prime factors of a.
29
Let i be 4/6 + (-2)/3. Let s = i + 1. List the prime factors of 4/s - (1 - 2).
5
Suppose -2*q = 2*q - 228. Suppose -5*t + 8 = -q. List the prime factors of t.
13
Let w(o) = -87*o - 13. What are the prime factors of w(-3)?
2, 31
Suppose 7 = 2*i + 3*p, 5*i - 3*p - 7 = -0*p. Suppose -s = i*s - 21. List the prime factors of s.
7
Let n = 7 - 6. What are the prime factors of 0 - (n + -2) - -17?
2, 3
Let c = -321 - -585. List the prime factors of c.
2, 3, 11
Let t(d) be the first derivative of d**4/4 + 3*d**3 - d**2 - 3*d - 4. What are the prime factors of t(-9)?
3, 5
Let x(t) = 2*t**2 + 18*t + 21. List the prime factors of x(-9).
3, 7
Suppose -4*l - 2*v + 247 = -299, -2*v = -10. What are the prime factors of l?
2, 67
Suppose -5*q - 14 - 2 = -t, 2*t + 2*q + 16 = 0. What are the prime factors of 10 + 0*2/t?
2, 5
Let q(f) = f**2 - 7*f + 10. Let r(g) = -g. Let v = 2 - 4. Let u(b) = v*r(b) - q(b). List the prime factors of u(7).
2
Let g = 136 - 96. List the prime factors of g.
2, 5
Let c(g) = g**3 - 9*g**2 + 8*g. Let v be c(8). Suppose k - 1 = 0, -z - 5*k = -6 - 18. Suppose 5*j + 4 - z = v. What are the prime factors of j?
3
Let y = 33 - 9. List the prime factors of y.
2, 3
Suppose 2*c + c - 15 = 0. Suppose -d + 15 = w, d + d = c*w - 68. List the prime factors of w.
2, 7
Let n(a) = -2*a**2 + a**3 - 6*a**2 + 2 + 5. List the prime factors of n(8).
7
Let i(b) = 2*b**2 + 1 - 3*b**2 + 0*b**2 - 6*b. Suppose -3 = -5*g - 18. List the prime factors of i(g).
2, 5
Let n = -12 + 2. Let x = 11 - n. What are the prime factors of x?
3, 7
Let g = -18 + 12. What are the prime factors of (g/(-18))/((-2)/(-132))?
2, 11
Let k = -2 - 20. Let n be k/(-6) - (-2)/6. Suppose -16 + 78 = 5*j - 4*i, 0 = 5*j + n*i - 38. List the prime factors of j.
2, 5
Let c = 14 - 10. What are the prime factors of (-263)/(-9) + c/(-18)?
29
Let n = -31 - -51. Suppose -t - t + n = 0. What are the prime factors of t?
2, 5
Suppose 0 = 5*c + 4*h - 343, 3*h = -2*c + 23 + 117. List the prime factors of c.
67
List the prime factors of 858/10 + (-5)/(-25).
2, 43
Let u(t) = t**2 - 3*t + 4. Let f be u(5). Suppose -3*v + 3*s + 30 = 0, v + 4*s - f = 3*s. What are the prime factors of v?
2, 3
Let x(r) = -35*r**3 + r + 1. List the prime factors of x(-1).
5, 7
Suppose 50 = c - 46. Suppose 0 = 3*n - 0*n + c. Let u = 48 + n. What are the prime factors of u?
2
List the prime factors of 31 + (-4 - -6 - 0).
3, 11
Let k be 1/2*(-14)/1. Let j(o) = o**3 + 7*o**2 - 8*o - 12. List the prime factors of j(k).
2, 11
What are the prime factors of 54 + 3 + (0 - -1)?
2, 29
Suppose f + 1430 = 5*q - 4*f, -1451 = -5*q - 2*f. What are the prime factors of q?
17
What are the prime factors of 20 + (-2 - (-2 - 2))?
2, 11
Suppose 50 - 26 = 6*r. List the prime factors of r.
2
Let y(w) = -23*w + 10*w + 15*w + 1 + 8*w**2. List the prime factors of y(-2).
29
Suppose 5*f = f + 12. Suppose 0 = a - f*a. Suppose a = 5*x - x - 52. What are the prime factors of x?
13
Let a = -205 + 293. What are the prime factors of a?
2, 11
Let i(f) = 4*f**3 + 0*f**2 - 5*f**3 - 5*f**2 + 4*f**2. Let p(n) = -4*n**3 + n**2 - 2*n - 1. Let g(s) = 3*i(s) - p(s). List the prime factors of g(4).
3
Let u be (3 + 2)*1/5. Suppose 0 = g - 29 + u. What are the prime factors of g?
2, 7
Let w = 7 + -3. Let q(d) = 3*d**2 + 0*d**2 - w*d**2 - 10*d + 3 + 0*d**2. What are the prime factors of q(-8)?
19
Let h = -434 - -624. List the prime factors of h.
2, 5, 19
Suppose 2*n + 2*n - 5 = 3*y, 0 = -4*n + 4*y. Suppose n*q - 32 = 2*q - 4*a, 5*a - 42 = -4*q. What are the prime factors of q?
2
Let h(n) = 18*n**2 + n - 4. What are the prime factors of h(-2)?
2, 3, 11
Let i be ((-1)/(-3))/((-1)/(-21)). Let s be 128/i + (-8)/28. Suppose -5*w + s = 2*d, -3*w + d + 1 + 1 = 0. What are the prime factors of w?
2
Suppose -25 = -l - 4*l. Let g(j) = -2 + l*j + j**3 - 4 + 0*j**3 + 8*j**2. What are the prime factors of g(-7)?
2
What are the prime factors of (-231)/(-9) - 6/(-18)?
2, 13
Suppose 0*z - 3*z + 2*r + 137 = 0, 0 = -r - 4. Let g = z - 9. What are the prime factors of g?
2, 17
Suppose -30 = m - 3*m. List the prime factors of m.
3, 5
Suppose 5*o - 1080 = o. Suppose -5*y + 75 = 2*r - 4*r, -o = 5*r + 4*y. What are the prime factors of (60/r)/((-2)/5)?
3
Let b = 0 - 0. Suppose 5*x = -0 + 10. List the prime factors of (x + b)*4 + 2.
2, 5
Let v(h) = h - 3. Let s be v(4). List the prime factors of ((-42)/12)/(s/(-2)).
7
Suppose -5*a + 76 + 49 = 0. List the prime factors of a.
5
Suppose -4*u + 6 = -6. Let g = -8 + 15. Suppose 2*r + g*v - 20 = u*v, 5*v - 13 = -r. List the prime factors of r.
2
Suppose x - 20 = 6*x. List the prime factors of 1*(x - -2) - -12.
2, 5
Let v(k) = -4 - 1 - 7*k + 0*k**2 + k**2. What are the prime factors of v(9)?
13
Let r = 162 - 115. What are the prime factors of r?
47
Suppose w + t + 2 = 0, -7*w = -3*w + 3*t + 6. Suppose 4*y + 5 = 3*l - 8, y - 2 = w. What are the prime factors of l?
7
Let v be (1/(-1))/(1/(-19)). Suppose -2*b + 4*b + n - 58 = 0, v = b + 3*n. Let z = b - 22. What are the prime factors of z?
3
Let a = -7 - -9. Suppose -8 = -0*y - a*y. List the prime factors of y.
2
Suppose 5*i + 630 + 75